{"id":1916,"date":"2023-05-29T21:44:19","date_gmt":"2023-05-29T21:44:19","guid":{"rendered":"https:\/\/umpastosintetico.com\/?page_id=1916"},"modified":"2023-06-08T19:43:40","modified_gmt":"2023-06-08T19:43:40","slug":"futbol","status":"publish","type":"page","link":"https:\/\/umpastosintetico.com\/?page_id=1916","title":{"rendered":"Cancha de F\u00fatbol"},"content":{"rendered":"\t\t<div data-elementor-type=\"wp-page\" data-elementor-id=\"1916\" class=\"elementor elementor-1916\" data-elementor-settings=\"[]\">\n\t\t\t\t\t\t\t<div class=\"elementor-section-wrap\">\n\t\t\t\t\t\t\t<section class=\"elementor-section elementor-top-section elementor-element elementor-element-c7aaa25 elementor-section-boxed elementor-section-height-default elementor-section-height-default\" data-id=\"c7aaa25\" data-element_type=\"section\">\n\t\t\t\t\t\t<div class=\"elementor-container elementor-column-gap-default\">\n\t\t\t\t\t<div class=\"elementor-column elementor-col-100 elementor-top-column elementor-element elementor-element-4451d9b\" data-id=\"4451d9b\" data-element_type=\"column\">\n\t\t\t<div class=\"elementor-widget-wrap elementor-element-populated\">\n\t\t\t\t\t\t\t\t<div class=\"elementor-element elementor-element-274be7c elementor-widget elementor-widget-heading\" data-id=\"274be7c\" data-element_type=\"widget\" data-widget_type=\"heading.default\">\n\t\t\t\t<div class=\"elementor-widget-container\">\n\t\t\t<style>\/*! elementor - v3.5.2 - 22-12-2021 *\/\n.elementor-heading-title{padding:0;margin:0;line-height:1}.elementor-widget-heading .elementor-heading-title[class*=elementor-size-]>a{color:inherit;font-size:inherit;line-height:inherit}.elementor-widget-heading .elementor-heading-title.elementor-size-small{font-size:15px}.elementor-widget-heading .elementor-heading-title.elementor-size-medium{font-size:19px}.elementor-widget-heading .elementor-heading-title.elementor-size-large{font-size:29px}.elementor-widget-heading .elementor-heading-title.elementor-size-xl{font-size:39px}.elementor-widget-heading .elementor-heading-title.elementor-size-xxl{font-size:59px}<\/style><h2 class=\"elementor-heading-title elementor-size-default\">Canchas de f\u00fatbol<\/h2>\t\t<\/div>\n\t\t\t\t<\/div>\n\t\t\t\t\t<\/div>\n\t\t<\/div>\n\t\t\t\t\t\t\t<\/div>\n\t\t<\/section>\n\t\t\t\t<section class=\"elementor-section elementor-top-section elementor-element elementor-element-c0fa288 elementor-section-boxed elementor-section-height-default elementor-section-height-default\" data-id=\"c0fa288\" data-element_type=\"section\">\n\t\t\t\t\t\t<div class=\"elementor-container elementor-column-gap-default\">\n\t\t\t\t\t<div class=\"elementor-column elementor-col-50 elementor-top-column elementor-element elementor-element-87e0680\" data-id=\"87e0680\" data-element_type=\"column\">\n\t\t\t<div class=\"elementor-widget-wrap elementor-element-populated\">\n\t\t\t\t\t\t\t\t<div class=\"elementor-element elementor-element-da05b20 elementor-widget elementor-widget-image\" data-id=\"da05b20\" data-element_type=\"widget\" data-widget_type=\"image.default\">\n\t\t\t\t<div class=\"elementor-widget-container\">\n\t\t\t<style>\/*! elementor - v3.5.2 - 22-12-2021 *\/\n.elementor-widget-image{text-align:center}.elementor-widget-image a{display:inline-block}.elementor-widget-image a img[src$=\".svg\"]{width:48px}.elementor-widget-image img{vertical-align:middle;display:inline-block}<\/style>\t\t\t\t\t\t\t\t\t\t\t\t<img width=\"1024\" height=\"576\" src=\"https:\/\/umpastosintetico.com\/wp-content\/uploads\/2023\/06\/futbol-1-1024x576.jpeg\" class=\"attachment-large size-large\" alt=\"\" loading=\"lazy\" srcset=\"https:\/\/umpastosintetico.com\/wp-content\/uploads\/2023\/06\/futbol-1-1024x576.jpeg 1024w, https:\/\/umpastosintetico.com\/wp-content\/uploads\/2023\/06\/futbol-1-300x169.jpeg 300w, https:\/\/umpastosintetico.com\/wp-content\/uploads\/2023\/06\/futbol-1-768x432.jpeg 768w, https:\/\/umpastosintetico.com\/wp-content\/uploads\/2023\/06\/futbol-1.jpeg 1280w\" sizes=\"(max-width: 1024px) 100vw, 1024px\">\t\t\t\t\t\t\t\t\t\t\t\t\t\t\t<\/div>\n\t\t\t\t<\/div>\n\t\t\t\t<div class=\"elementor-element elementor-element-07a9754 elementor-widget elementor-widget-image-gallery\" data-id=\"07a9754\" data-element_type=\"widget\" data-widget_type=\"image-gallery.default\">\n\t\t\t\t<div class=\"elementor-widget-container\">\n\t\t\t<style>\/*! elementor - v3.5.2 - 22-12-2021 *\/\n.elementor-image-gallery .gallery-item{display:inline-block;text-align:center;vertical-align:top;width:100%;max-width:100%;margin:0 auto}.elementor-image-gallery .gallery-item img{margin:0 auto}.elementor-image-gallery .gallery-item .gallery-caption{margin:0}.elementor-image-gallery figure img{display:block}.elementor-image-gallery figure figcaption{width:100%}.gallery-spacing-custom .elementor-image-gallery .gallery-icon{padding:0}@media (min-width:768px){.elementor-image-gallery .gallery-columns-2 .gallery-item{max-width:50%}.elementor-image-gallery .gallery-columns-3 .gallery-item{max-width:33.33%}.elementor-image-gallery .gallery-columns-4 .gallery-item{max-width:25%}.elementor-image-gallery .gallery-columns-5 .gallery-item{max-width:20%}.elementor-image-gallery .gallery-columns-6 .gallery-item{max-width:16.666%}.elementor-image-gallery .gallery-columns-7 .gallery-item{max-width:14.28%}.elementor-image-gallery .gallery-columns-8 .gallery-item{max-width:12.5%}.elementor-image-gallery .gallery-columns-9 .gallery-item{max-width:11.11%}.elementor-image-gallery .gallery-columns-10 .gallery-item{max-width:10%}}@media (min-width:480px) and (max-width:767px){.elementor-image-gallery .gallery.gallery-columns-2 .gallery-item,.elementor-image-gallery .gallery.gallery-columns-3 .gallery-item,.elementor-image-gallery .gallery.gallery-columns-4 .gallery-item,.elementor-image-gallery .gallery.gallery-columns-5 .gallery-item,.elementor-image-gallery .gallery.gallery-columns-6 .gallery-item,.elementor-image-gallery .gallery.gallery-columns-7 .gallery-item,.elementor-image-gallery .gallery.gallery-columns-8 .gallery-item,.elementor-image-gallery .gallery.gallery-columns-9 .gallery-item,.elementor-image-gallery .gallery.gallery-columns-10 .gallery-item{max-width:50%}}@media (max-width:479px){.elementor-image-gallery .gallery.gallery-columns-2 .gallery-item,.elementor-image-gallery .gallery.gallery-columns-3 .gallery-item,.elementor-image-gallery .gallery.gallery-columns-4 .gallery-item,.elementor-image-gallery .gallery.gallery-columns-5 .gallery-item,.elementor-image-gallery .gallery.gallery-columns-6 .gallery-item,.elementor-image-gallery .gallery.gallery-columns-7 .gallery-item,.elementor-image-gallery .gallery.gallery-columns-8 .gallery-item,.elementor-image-gallery .gallery.gallery-columns-9 .gallery-item,.elementor-image-gallery .gallery.gallery-columns-10 .gallery-item{max-width:100%}}<\/style>\t\t<div class=\"elementor-image-gallery\">\n\t\t\t<div id='gallery-1' class='gallery galleryid-1916 gallery-columns-3 gallery-size-full'><figure class='gallery-item'>\n\t\t\t<div class='gallery-icon landscape'>\n\t\t\t\t<a data-elementor-open-lightbox=\"yes\" data-elementor-lightbox-slideshow=\"07a9754\" href='https:\/\/umpastosintetico.com\/wp-content\/uploads\/2023\/06\/futbol-2.jpeg'><img width=\"1280\" height=\"720\" src=\"https:\/\/umpastosintetico.com\/wp-content\/uploads\/2023\/06\/futbol-2.jpeg\" class=\"attachment-full size-full\" alt=\"\" loading=\"lazy\" srcset=\"https:\/\/umpastosintetico.com\/wp-content\/uploads\/2023\/06\/futbol-2.jpeg 1280w, https:\/\/umpastosintetico.com\/wp-content\/uploads\/2023\/06\/futbol-2-300x169.jpeg 300w, https:\/\/umpastosintetico.com\/wp-content\/uploads\/2023\/06\/futbol-2-1024x576.jpeg 1024w, https:\/\/umpastosintetico.com\/wp-content\/uploads\/2023\/06\/futbol-2-768x432.jpeg 768w\" sizes=\"(max-width: 1280px) 100vw, 1280px\"><\/a>\n\t\t\t<\/div><\/figure><figure class='gallery-item'>\n\t\t\t<div class='gallery-icon portrait'>\n\t\t\t\t<a data-elementor-open-lightbox=\"yes\" data-elementor-lightbox-slideshow=\"07a9754\" href='https:\/\/umpastosintetico.com\/wp-content\/uploads\/2023\/06\/futbol-3.jpeg'><img width=\"972\" height=\"1296\" src=\"https:\/\/umpastosintetico.com\/wp-content\/uploads\/2023\/06\/futbol-3.jpeg\" class=\"attachment-full size-full\" alt=\"\" loading=\"lazy\" srcset=\"https:\/\/umpastosintetico.com\/wp-content\/uploads\/2023\/06\/futbol-3.jpeg 972w, https:\/\/umpastosintetico.com\/wp-content\/uploads\/2023\/06\/futbol-3-225x300.jpeg 225w, https:\/\/umpastosintetico.com\/wp-content\/uploads\/2023\/06\/futbol-3-768x1024.jpeg 768w\" sizes=\"(max-width: 972px) 100vw, 972px\"><\/a>\n\t\t\t<\/div><\/figure><figure class='gallery-item'>\n\t\t\t<div class='gallery-icon landscape'>\n\t\t\t\t<a data-elementor-open-lightbox=\"yes\" data-elementor-lightbox-slideshow=\"07a9754\" href='https:\/\/umpastosintetico.com\/wp-content\/uploads\/2023\/06\/futbol-4.jpeg'><img width=\"1280\" height=\"720\" src=\"https:\/\/umpastosintetico.com\/wp-content\/uploads\/2023\/06\/futbol-4.jpeg\" class=\"attachment-full size-full\" alt=\"\" loading=\"lazy\" srcset=\"https:\/\/umpastosintetico.com\/wp-content\/uploads\/2023\/06\/futbol-4.jpeg 1280w, https:\/\/umpastosintetico.com\/wp-content\/uploads\/2023\/06\/futbol-4-300x169.jpeg 300w, https:\/\/umpastosintetico.com\/wp-content\/uploads\/2023\/06\/futbol-4-1024x576.jpeg 1024w, https:\/\/umpastosintetico.com\/wp-content\/uploads\/2023\/06\/futbol-4-768x432.jpeg 768w\" sizes=\"(max-width: 1280px) 100vw, 1280px\"><\/a>\n\t\t\t<\/div><\/figure><figure class='gallery-item'>\n\t\t\t<div class='gallery-icon portrait'>\n\t\t\t\t<a data-elementor-open-lightbox=\"yes\" data-elementor-lightbox-slideshow=\"07a9754\" href='https:\/\/umpastosintetico.com\/wp-content\/uploads\/2023\/06\/futbol-5.jpeg'><img width=\"972\" height=\"1296\" src=\"https:\/\/umpastosintetico.com\/wp-content\/uploads\/2023\/06\/futbol-5.jpeg\" class=\"attachment-full size-full\" alt=\"\" loading=\"lazy\" srcset=\"https:\/\/umpastosintetico.com\/wp-content\/uploads\/2023\/06\/futbol-5.jpeg 972w, https:\/\/umpastosintetico.com\/wp-content\/uploads\/2023\/06\/futbol-5-225x300.jpeg 225w, https:\/\/umpastosintetico.com\/wp-content\/uploads\/2023\/06\/futbol-5-768x1024.jpeg 768w\" sizes=\"(max-width: 972px) 100vw, 972px\"><\/a>\n\t\t\t<\/div><\/figure><figure class='gallery-item'>\n\t\t\t<div class='gallery-icon landscape'>\n\t\t\t\t<a data-elementor-open-lightbox=\"yes\" data-elementor-lightbox-slideshow=\"07a9754\" href='https:\/\/umpastosintetico.com\/wp-content\/uploads\/2023\/06\/futbol-6.jpeg'><img width=\"1280\" height=\"960\" src=\"https:\/\/umpastosintetico.com\/wp-content\/uploads\/2023\/06\/futbol-6.jpeg\" class=\"attachment-full size-full\" alt=\"\" loading=\"lazy\" srcset=\"https:\/\/umpastosintetico.com\/wp-content\/uploads\/2023\/06\/futbol-6.jpeg 1280w, https:\/\/umpastosintetico.com\/wp-content\/uploads\/2023\/06\/futbol-6-300x225.jpeg 300w, https:\/\/umpastosintetico.com\/wp-content\/uploads\/2023\/06\/futbol-6-1024x768.jpeg 1024w, https:\/\/umpastosintetico.com\/wp-content\/uploads\/2023\/06\/futbol-6-768x576.jpeg 768w\" sizes=\"(max-width: 1280px) 100vw, 1280px\"><\/a>\n\t\t\t<\/div><\/figure><figure class='gallery-item'>\n\t\t\t<div class='gallery-icon landscape'>\n\t\t\t\t<a data-elementor-open-lightbox=\"yes\" data-elementor-lightbox-slideshow=\"07a9754\" href='https:\/\/umpastosintetico.com\/wp-content\/uploads\/2023\/06\/futbol-7.jpeg'><img width=\"1280\" height=\"720\" src=\"https:\/\/umpastosintetico.com\/wp-content\/uploads\/2023\/06\/futbol-7.jpeg\" class=\"attachment-full size-full\" alt=\"\" loading=\"lazy\" srcset=\"https:\/\/umpastosintetico.com\/wp-content\/uploads\/2023\/06\/futbol-7.jpeg 1280w, https:\/\/umpastosintetico.com\/wp-content\/uploads\/2023\/06\/futbol-7-300x169.jpeg 300w, https:\/\/umpastosintetico.com\/wp-content\/uploads\/2023\/06\/futbol-7-1024x576.jpeg 1024w, https:\/\/umpastosintetico.com\/wp-content\/uploads\/2023\/06\/futbol-7-768x432.jpeg 768w\" sizes=\"(max-width: 1280px) 100vw, 1280px\"><\/a>\n\t\t\t<\/div><\/figure>\n\t\t<\/div>\n\t\t<\/div>\n\t\t\t\t<\/div>\n\t\t\t\t<\/div>\n\t\t\t\t<div class=\"elementor-element elementor-element-c9c92b3 elementor-absolute elementor-widget elementor-widget-heading\" data-id=\"c9c92b3\" data-element_type=\"widget\" data-settings=\"{&quot;_position&quot;:&quot;absolute&quot;}\" data-widget_type=\"heading.default\">\n\t\t\t\t<div class=\"elementor-widget-container\">\n\t\t\t<h2 class=\"elementor-heading-title elementor-size-default\">Disfruta tu pasamiento<\/h2>\t\t<\/div>\n\t\t\t\t<\/div>\n\t\t\t\t\t<\/div>\n\t\t<\/div>\n\t\t\t\t<div class=\"elementor-column elementor-col-50 elementor-top-column elementor-element elementor-element-31ad2ce\" data-id=\"31ad2ce\" data-element_type=\"column\">\n\t\t\t<div class=\"elementor-widget-wrap elementor-element-populated\">\n\t\t\t\t\t\t\t\t<div class=\"elementor-element elementor-element-ced4340 elementor-view-stacked elementor-position-left elementor-shape-circle elementor-vertical-align-top elementor-widget elementor-widget-icon-box\" data-id=\"ced4340\" data-element_type=\"widget\" data-widget_type=\"icon-box.default\">\n\t\t\t\t<div class=\"elementor-widget-container\">\n\t\t\t<style>\/*! elementor - v3.5.2 - 22-12-2021 *\/\n@media (min-width:768px){.elementor-widget-icon-box.elementor-position-left .elementor-icon-box-wrapper,.elementor-widget-icon-box.elementor-position-right .elementor-icon-box-wrapper{display:-webkit-box;display:-ms-flexbox;display:flex}.elementor-widget-icon-box.elementor-position-left .elementor-icon-box-icon,.elementor-widget-icon-box.elementor-position-right .elementor-icon-box-icon{display:-webkit-inline-box;display:-ms-inline-flexbox;display:inline-flex;-webkit-box-flex:0;-ms-flex:0 0 auto;flex:0 0 auto}.elementor-widget-icon-box.elementor-position-right .elementor-icon-box-wrapper{text-align:right;-webkit-box-orient:horizontal;-webkit-box-direction:reverse;-ms-flex-direction:row-reverse;flex-direction:row-reverse}.elementor-widget-icon-box.elementor-position-left .elementor-icon-box-wrapper{text-align:left;-webkit-box-orient:horizontal;-webkit-box-direction:normal;-ms-flex-direction:row;flex-direction:row}.elementor-widget-icon-box.elementor-position-top .elementor-icon-box-img{margin:auto}.elementor-widget-icon-box.elementor-vertical-align-top .elementor-icon-box-wrapper{-webkit-box-align:start;-ms-flex-align:start;align-items:flex-start}.elementor-widget-icon-box.elementor-vertical-align-middle .elementor-icon-box-wrapper{-webkit-box-align:center;-ms-flex-align:center;align-items:center}.elementor-widget-icon-box.elementor-vertical-align-bottom .elementor-icon-box-wrapper{-webkit-box-align:end;-ms-flex-align:end;align-items:flex-end}}@media (max-width:767px){.elementor-widget-icon-box .elementor-icon-box-icon{margin-left:auto!important;margin-right:auto!important;margin-bottom:15px}}.elementor-widget-icon-box .elementor-icon-box-wrapper{text-align:center}.elementor-widget-icon-box .elementor-icon-box-title a{color:inherit}.elementor-widget-icon-box .elementor-icon-box-content{-webkit-box-flex:1;-ms-flex-positive:1;flex-grow:1}.elementor-widget-icon-box .elementor-icon-box-description{margin:0}<\/style>\t\t<div class=\"elementor-icon-box-wrapper\">\n\t\t\t\t\t\t<div class=\"elementor-icon-box-icon\">\n\t\t\t\t<span class=\"elementor-icon elementor-animation-\" >\n\t\t\t\t<i aria-hidden=\"true\" class=\"fas fa-star\"><\/i>\t\t\t\t<\/span>\n\t\t\t<\/div>\n\t\t\t\t\t\t<div class=\"elementor-icon-box-content\">\n\t\t\t\t<h5 class=\"elementor-icon-box-title\">\n\t\t\t\t\t<span  >\n\t\t\t\t\t\tDimensiones reglamentarias\t\t\t\t\t<\/span>\n\t\t\t\t<\/h5>\n\t\t\t\t\t\t\t<\/div>\n\t\t<\/div>\n\t\t\t\t<\/div>\n\t\t\t\t<\/div>\n\t\t\t\t<div class=\"elementor-element elementor-element-56e6088 elementor-view-stacked elementor-position-left elementor-shape-circle elementor-vertical-align-top elementor-widget elementor-widget-icon-box\" data-id=\"56e6088\" data-element_type=\"widget\" data-widget_type=\"icon-box.default\">\n\t\t\t\t<div class=\"elementor-widget-container\">\n\t\t\t\t\t<div class=\"elementor-icon-box-wrapper\">\n\t\t\t\t\t\t<div class=\"elementor-icon-box-icon\">\n\t\t\t\t<span class=\"elementor-icon elementor-animation-\" >\n\t\t\t\t<i aria-hidden=\"true\" class=\"fas fa-table\"><\/i>\t\t\t\t<\/span>\n\t\t\t<\/div>\n\t\t\t\t\t\t<div class=\"elementor-icon-box-content\">\n\t\t\t\t<h5 class=\"elementor-icon-box-title\">\n\t\t\t\t\t<span  >\n\t\t\t\t\t\tC\u00e9sped o superficie de juego\t\t\t\t\t<\/span>\n\t\t\t\t<\/h5>\n\t\t\t\t\t\t\t<\/div>\n\t\t<\/div>\n\t\t\t\t<\/div>\n\t\t\t\t<\/div>\n\t\t\t\t<div class=\"elementor-element elementor-element-b16ddac elementor-view-stacked elementor-position-left elementor-shape-circle elementor-vertical-align-top elementor-widget elementor-widget-icon-box\" data-id=\"b16ddac\" data-element_type=\"widget\" data-widget_type=\"icon-box.default\">\n\t\t\t\t<div class=\"elementor-widget-container\">\n\t\t\t\t\t<div class=\"elementor-icon-box-wrapper\">\n\t\t\t\t\t\t<div class=\"elementor-icon-box-icon\">\n\t\t\t\t<span class=\"elementor-icon elementor-animation-\" >\n\t\t\t\t<i aria-hidden=\"true\" class=\"fas fa-ruler-vertical\"><\/i>\t\t\t\t<\/span>\n\t\t\t<\/div>\n\t\t\t\t\t\t<div class=\"elementor-icon-box-content\">\n\t\t\t\t<h5 class=\"elementor-icon-box-title\">\n\t\t\t\t\t<span  >\n\t\t\t\t\t\tL\u00edneas de demarcaci\u00f3n\t\t\t\t\t<\/span>\n\t\t\t\t<\/h5>\n\t\t\t\t\t\t\t<\/div>\n\t\t<\/div>\n\t\t\t\t<\/div>\n\t\t\t\t<\/div>\n\t\t\t\t<div class=\"elementor-element elementor-element-f991d23 elementor-widget elementor-widget-heading\" data-id=\"f991d23\" data-element_type=\"widget\" data-widget_type=\"heading.default\">\n\t\t\t\t<div class=\"elementor-widget-container\">\n\t\t\t<h2 class=\"elementor-heading-title elementor-size-default\">Tipos de pasto sint\u00e9tico para canchas:<\/h2>\t\t<\/div>\n\t\t\t\t<\/div>\n\t\t\t\t<div class=\"elementor-element elementor-element-5f49f12 elementor-widget elementor-widget-text-editor\" data-id=\"5f49f12\" data-element_type=\"widget\" data-widget_type=\"text-editor.default\">\n\t\t\t\t<div class=\"elementor-widget-container\">\n\t\t\t<style>\/*! elementor - v3.5.2 - 22-12-2021 *\/\n.elementor-widget-text-editor.elementor-drop-cap-view-stacked .elementor-drop-cap{background-color:#818a91;color:#fff}.elementor-widget-text-editor.elementor-drop-cap-view-framed .elementor-drop-cap{color:#818a91;border:3px solid;background-color:transparent}.elementor-widget-text-editor:not(.elementor-drop-cap-view-default) .elementor-drop-cap{margin-top:8px}.elementor-widget-text-editor:not(.elementor-drop-cap-view-default) .elementor-drop-cap-letter{width:1em;height:1em}.elementor-widget-text-editor .elementor-drop-cap{float:left;text-align:center;line-height:1;font-size:50px}.elementor-widget-text-editor .elementor-drop-cap-letter{display:inline-block}<\/style>\t\t\t\t<table style=\"width: 100%;\"><tbody><tr><td>50mm<\/td><td>8800<\/td><td>Deportivo<\/td><td>PP+Mesh+SBR<\/td><td>2m*25m<\/td><td>170*63<\/td><td>5\/8&#8243;<\/td><\/tr><tr><td>50mm<\/td><td>12000<\/td><td>Deportivo<\/td><td>PP+Mesh+SBR<\/td><td>4m*25m<\/td><td>140*63<\/td><td>5\/8&#8243;<\/td><\/tr><tr><td>50mm<\/td><td>12000<\/td><td>Deportivo<\/td><td>PP+Mesh+SBR<\/td><td>4m*25m<\/td><td>130*63<\/td><td>5\/8&#8243;<\/td><\/tr><tr><td>50mm<\/td><td>1200<\/td><td>Deportivo<\/td><td>PP+Mesh+SBR<\/td><td>4m*25m<\/td><td>165*63<\/td><td>5\/8&#8243;<\/td><\/tr><tr><td>60mm<\/td><td>13200<\/td><td>Deportivo<\/td><td>PP+Mesh+SBR<\/td><td>4m*25m<\/td><td>140*63<\/td><td>5\/8&#8243;<\/td><\/tr><\/tbody><\/table>\t\t\t\t\t\t<\/div>\n\t\t\t\t<\/div>\n\t\t\t\t\t<\/div>\n\t\t<\/div>\n\t\t\t\t\t\t\t<\/div>\n\t\t<\/section>\n\t\t\t\t<section class=\"elementor-section elementor-top-section elementor-element elementor-element-50124ba elementor-section-boxed elementor-section-height-default elementor-section-height-default\" data-id=\"50124ba\" data-element_type=\"section\">\n\t\t\t\t\t\t<div class=\"elementor-container elementor-column-gap-default\">\n\t\t\t\t\t<div class=\"elementor-column elementor-col-50 elementor-top-column elementor-element elementor-element-f7fb5c5\" data-id=\"f7fb5c5\" data-element_type=\"column\">\n\t\t\t<div class=\"elementor-widget-wrap\">\n\t\t\t\t\t\t\t\t\t<\/div>\n\t\t<\/div>\n\t\t\t\t<div class=\"elementor-column elementor-col-50 elementor-top-column elementor-element elementor-element-0943d75\" data-id=\"0943d75\" data-element_type=\"column\">\n\t\t\t<div class=\"elementor-widget-wrap\">\n\t\t\t\t\t\t\t\t\t<\/div>\n\t\t<\/div>\n\t\t\t\t\t\t\t<\/div>\n\t\t<\/section>\n\t\t\t\t\t\t<\/div>\n\t\t\t\t\t<\/div>\n\t\t","protected":false},"excerpt":{"rendered":"<p>Canchas de f\u00fatbol Disfruta tu pasamiento Dimensiones reglamentarias C\u00e9sped o superficie de juego L\u00edneas de demarcaci\u00f3n Tipos de pasto sint\u00e9tico para canchas: 50mm 8800 Deportivo PP+Mesh+SBR 2m*25m 170*63 5\/8&#8243; 50mm 12000 Deportivo PP+Mesh+SBR 4m*25m 140*63 5\/8&#8243; 50mm 12000 Deportivo PP+Mesh+SBR 4m*25m 130*63 5\/8&#8243; 50mm 1200 Deportivo PP+Mesh+SBR 4m*25m 165*63 5\/8&#8243; 60mm 13200 Deportivo PP+Mesh+SBR 4m*25m &hellip;<\/p>\n<p class=\"read-more\"> <a class=\"\" href=\"https:\/\/umpastosintetico.com\/?page_id=1916\"> <span class=\"screen-reader-text\">Cancha de F\u00fatbol<\/span> Leer m\u00e1s &raquo;<\/a><\/p>\n","protected":false},"author":1,"featured_media":0,"parent":0,"menu_order":0,"comment_status":"closed","ping_status":"closed","template":"","meta":{"site-sidebar-layout":"no-sidebar","site-content-layout":"page-builder","ast-main-header-display":"","ast-hfb-above-header-display":"","ast-hfb-below-header-display":"","ast-hfb-mobile-header-display":"","site-post-title":"disabled","ast-breadcrumbs-content":"","ast-featured-img":"disabled","footer-sml-layout":"","theme-transparent-header-meta":"","adv-header-id-meta":"","stick-header-meta":"","header-above-stick-meta":"","header-main-stick-meta":"","header-below-stick-meta":""},"_links":{"self":[{"href":"https:\/\/umpastosintetico.com\/index.php?rest_route=\/wp\/v2\/pages\/1916"}],"collection":[{"href":"https:\/\/umpastosintetico.com\/index.php?rest_route=\/wp\/v2\/pages"}],"about":[{"href":"https:\/\/umpastosintetico.com\/index.php?rest_route=\/wp\/v2\/types\/page"}],"author":[{"embeddable":true,"href":"https:\/\/umpastosintetico.com\/index.php?rest_route=\/wp\/v2\/users\/1"}],"replies":[{"embeddable":true,"href":"https:\/\/umpastosintetico.com\/index.php?rest_route=%2Fwp%2Fv2%2Fcomments&post=1916"}],"version-history":[{"count":20,"href":"https:\/\/umpastosintetico.com\/index.php?rest_route=\/wp\/v2\/pages\/1916\/revisions"}],"predecessor-version":[{"id":2223,"href":"https:\/\/umpastosintetico.com\/index.php?rest_route=\/wp\/v2\/pages\/1916\/revisions\/2223"}],"wp:attachment":[{"href":"https:\/\/umpastosintetico.com\/index.php?rest_route=%2Fwp%2Fv2%2Fmedia&parent=1916"}],"curies":[{"name":"wp","href":"https:\/\/api.w.org\/{rel}","templated":true}]}}