{"id":1918,"date":"2023-05-29T21:44:30","date_gmt":"2023-05-29T21:44:30","guid":{"rendered":"https:\/\/umpastosintetico.com\/?page_id=1918"},"modified":"2023-06-08T19:45:17","modified_gmt":"2023-06-08T19:45:17","slug":"futbolito","status":"publish","type":"page","link":"https:\/\/umpastosintetico.com\/?page_id=1918","title":{"rendered":"Cancha de Futbolito"},"content":{"rendered":"\t\t<div data-elementor-type=\"wp-page\" data-elementor-id=\"1918\" class=\"elementor elementor-1918\" data-elementor-settings=\"[]\">\n\t\t\t\t\t\t\t<div class=\"elementor-section-wrap\">\n\t\t\t\t\t\t\t<section class=\"elementor-section elementor-top-section elementor-element elementor-element-1dfe3f7 elementor-section-boxed elementor-section-height-default elementor-section-height-default\" data-id=\"1dfe3f7\" data-element_type=\"section\">\n\t\t\t\t\t\t<div class=\"elementor-container elementor-column-gap-default\">\n\t\t\t\t\t<div class=\"elementor-column elementor-col-100 elementor-top-column elementor-element elementor-element-bcc65bc\" data-id=\"bcc65bc\" data-element_type=\"column\">\n\t\t\t<div class=\"elementor-widget-wrap elementor-element-populated\">\n\t\t\t\t\t\t\t\t<div class=\"elementor-element elementor-element-7b20546 elementor-widget elementor-widget-heading\" data-id=\"7b20546\" data-element_type=\"widget\" data-widget_type=\"heading.default\">\n\t\t\t\t<div class=\"elementor-widget-container\">\n\t\t\t<style>\/*! elementor - v3.5.2 - 22-12-2021 *\/\n.elementor-heading-title{padding:0;margin:0;line-height:1}.elementor-widget-heading .elementor-heading-title[class*=elementor-size-]>a{color:inherit;font-size:inherit;line-height:inherit}.elementor-widget-heading .elementor-heading-title.elementor-size-small{font-size:15px}.elementor-widget-heading .elementor-heading-title.elementor-size-medium{font-size:19px}.elementor-widget-heading .elementor-heading-title.elementor-size-large{font-size:29px}.elementor-widget-heading .elementor-heading-title.elementor-size-xl{font-size:39px}.elementor-widget-heading .elementor-heading-title.elementor-size-xxl{font-size:59px}<\/style><h2 class=\"elementor-heading-title elementor-size-default\">Canchas de futbolito<\/h2>\t\t<\/div>\n\t\t\t\t<\/div>\n\t\t\t\t\t<\/div>\n\t\t<\/div>\n\t\t\t\t\t\t\t<\/div>\n\t\t<\/section>\n\t\t\t\t<section class=\"elementor-section elementor-top-section elementor-element elementor-element-d80ec2c elementor-section-boxed elementor-section-height-default elementor-section-height-default\" data-id=\"d80ec2c\" data-element_type=\"section\">\n\t\t\t\t\t\t<div class=\"elementor-container elementor-column-gap-default\">\n\t\t\t\t\t<div class=\"elementor-column elementor-col-50 elementor-top-column elementor-element elementor-element-83046f4\" data-id=\"83046f4\" data-element_type=\"column\">\n\t\t\t<div class=\"elementor-widget-wrap elementor-element-populated\">\n\t\t\t\t\t\t\t\t<div class=\"elementor-element elementor-element-8e22799 elementor-widget elementor-widget-image\" data-id=\"8e22799\" data-element_type=\"widget\" data-widget_type=\"image.default\">\n\t\t\t\t<div class=\"elementor-widget-container\">\n\t\t\t<style>\/*! elementor - v3.5.2 - 22-12-2021 *\/\n.elementor-widget-image{text-align:center}.elementor-widget-image a{display:inline-block}.elementor-widget-image a img[src$=\".svg\"]{width:48px}.elementor-widget-image img{vertical-align:middle;display:inline-block}<\/style>\t\t\t\t\t\t\t\t\t\t\t\t<img width=\"1024\" height=\"576\" src=\"https:\/\/umpastosintetico.com\/wp-content\/uploads\/2023\/06\/futbolito-2-1024x576.jpeg\" class=\"attachment-large size-large\" alt=\"\" loading=\"lazy\" srcset=\"https:\/\/umpastosintetico.com\/wp-content\/uploads\/2023\/06\/futbolito-2-1024x576.jpeg 1024w, https:\/\/umpastosintetico.com\/wp-content\/uploads\/2023\/06\/futbolito-2-300x169.jpeg 300w, https:\/\/umpastosintetico.com\/wp-content\/uploads\/2023\/06\/futbolito-2-768x432.jpeg 768w, https:\/\/umpastosintetico.com\/wp-content\/uploads\/2023\/06\/futbolito-2-1536x864.jpeg 1536w, https:\/\/umpastosintetico.com\/wp-content\/uploads\/2023\/06\/futbolito-2.jpeg 1599w\" sizes=\"(max-width: 1024px) 100vw, 1024px\">\t\t\t\t\t\t\t\t\t\t\t\t\t\t\t<\/div>\n\t\t\t\t<\/div>\n\t\t\t\t<div class=\"elementor-element elementor-element-846cdc8 elementor-widget elementor-widget-image-gallery\" data-id=\"846cdc8\" data-element_type=\"widget\" data-widget_type=\"image-gallery.default\">\n\t\t\t\t<div class=\"elementor-widget-container\">\n\t\t\t<style>\/*! elementor - v3.5.2 - 22-12-2021 *\/\n.elementor-image-gallery .gallery-item{display:inline-block;text-align:center;vertical-align:top;width:100%;max-width:100%;margin:0 auto}.elementor-image-gallery .gallery-item img{margin:0 auto}.elementor-image-gallery .gallery-item .gallery-caption{margin:0}.elementor-image-gallery figure img{display:block}.elementor-image-gallery figure figcaption{width:100%}.gallery-spacing-custom .elementor-image-gallery .gallery-icon{padding:0}@media (min-width:768px){.elementor-image-gallery .gallery-columns-2 .gallery-item{max-width:50%}.elementor-image-gallery .gallery-columns-3 .gallery-item{max-width:33.33%}.elementor-image-gallery .gallery-columns-4 .gallery-item{max-width:25%}.elementor-image-gallery .gallery-columns-5 .gallery-item{max-width:20%}.elementor-image-gallery .gallery-columns-6 .gallery-item{max-width:16.666%}.elementor-image-gallery .gallery-columns-7 .gallery-item{max-width:14.28%}.elementor-image-gallery .gallery-columns-8 .gallery-item{max-width:12.5%}.elementor-image-gallery .gallery-columns-9 .gallery-item{max-width:11.11%}.elementor-image-gallery .gallery-columns-10 .gallery-item{max-width:10%}}@media (min-width:480px) and (max-width:767px){.elementor-image-gallery .gallery.gallery-columns-2 .gallery-item,.elementor-image-gallery .gallery.gallery-columns-3 .gallery-item,.elementor-image-gallery .gallery.gallery-columns-4 .gallery-item,.elementor-image-gallery .gallery.gallery-columns-5 .gallery-item,.elementor-image-gallery .gallery.gallery-columns-6 .gallery-item,.elementor-image-gallery .gallery.gallery-columns-7 .gallery-item,.elementor-image-gallery .gallery.gallery-columns-8 .gallery-item,.elementor-image-gallery .gallery.gallery-columns-9 .gallery-item,.elementor-image-gallery .gallery.gallery-columns-10 .gallery-item{max-width:50%}}@media (max-width:479px){.elementor-image-gallery .gallery.gallery-columns-2 .gallery-item,.elementor-image-gallery .gallery.gallery-columns-3 .gallery-item,.elementor-image-gallery .gallery.gallery-columns-4 .gallery-item,.elementor-image-gallery .gallery.gallery-columns-5 .gallery-item,.elementor-image-gallery .gallery.gallery-columns-6 .gallery-item,.elementor-image-gallery .gallery.gallery-columns-7 .gallery-item,.elementor-image-gallery .gallery.gallery-columns-8 .gallery-item,.elementor-image-gallery .gallery.gallery-columns-9 .gallery-item,.elementor-image-gallery .gallery.gallery-columns-10 .gallery-item{max-width:100%}}<\/style>\t\t<div class=\"elementor-image-gallery\">\n\t\t\t<div id='gallery-1' class='gallery galleryid-1918 gallery-columns-2 gallery-size-full'><figure class='gallery-item'>\n\t\t\t<div class='gallery-icon landscape'>\n\t\t\t\t<a data-elementor-open-lightbox=\"yes\" data-elementor-lightbox-slideshow=\"846cdc8\" href='https:\/\/umpastosintetico.com\/wp-content\/uploads\/2023\/06\/futbolito-1.jpeg'><img width=\"1600\" height=\"1200\" src=\"https:\/\/umpastosintetico.com\/wp-content\/uploads\/2023\/06\/futbolito-1.jpeg\" class=\"attachment-full size-full\" alt=\"\" loading=\"lazy\" srcset=\"https:\/\/umpastosintetico.com\/wp-content\/uploads\/2023\/06\/futbolito-1.jpeg 1600w, https:\/\/umpastosintetico.com\/wp-content\/uploads\/2023\/06\/futbolito-1-300x225.jpeg 300w, https:\/\/umpastosintetico.com\/wp-content\/uploads\/2023\/06\/futbolito-1-1024x768.jpeg 1024w, https:\/\/umpastosintetico.com\/wp-content\/uploads\/2023\/06\/futbolito-1-768x576.jpeg 768w, https:\/\/umpastosintetico.com\/wp-content\/uploads\/2023\/06\/futbolito-1-1536x1152.jpeg 1536w\" sizes=\"(max-width: 1600px) 100vw, 1600px\"><\/a>\n\t\t\t<\/div><\/figure><figure class='gallery-item'>\n\t\t\t<div class='gallery-icon landscape'>\n\t\t\t\t<a data-elementor-open-lightbox=\"yes\" data-elementor-lightbox-slideshow=\"846cdc8\" href='https:\/\/umpastosintetico.com\/wp-content\/uploads\/2023\/06\/futbolito-3.jpeg'><img width=\"1280\" height=\"960\" src=\"https:\/\/umpastosintetico.com\/wp-content\/uploads\/2023\/06\/futbolito-3.jpeg\" class=\"attachment-full size-full\" alt=\"\" loading=\"lazy\" srcset=\"https:\/\/umpastosintetico.com\/wp-content\/uploads\/2023\/06\/futbolito-3.jpeg 1280w, https:\/\/umpastosintetico.com\/wp-content\/uploads\/2023\/06\/futbolito-3-300x225.jpeg 300w, https:\/\/umpastosintetico.com\/wp-content\/uploads\/2023\/06\/futbolito-3-1024x768.jpeg 1024w, https:\/\/umpastosintetico.com\/wp-content\/uploads\/2023\/06\/futbolito-3-768x576.jpeg 768w\" sizes=\"(max-width: 1280px) 100vw, 1280px\"><\/a>\n\t\t\t<\/div><\/figure><figure class='gallery-item'>\n\t\t\t<div class='gallery-icon landscape'>\n\t\t\t\t<a data-elementor-open-lightbox=\"yes\" data-elementor-lightbox-slideshow=\"846cdc8\" href='https:\/\/umpastosintetico.com\/wp-content\/uploads\/2023\/06\/futbolito-4.jpeg'><img width=\"1599\" height=\"899\" src=\"https:\/\/umpastosintetico.com\/wp-content\/uploads\/2023\/06\/futbolito-4.jpeg\" class=\"attachment-full size-full\" alt=\"\" loading=\"lazy\" srcset=\"https:\/\/umpastosintetico.com\/wp-content\/uploads\/2023\/06\/futbolito-4.jpeg 1599w, https:\/\/umpastosintetico.com\/wp-content\/uploads\/2023\/06\/futbolito-4-300x169.jpeg 300w, https:\/\/umpastosintetico.com\/wp-content\/uploads\/2023\/06\/futbolito-4-1024x576.jpeg 1024w, https:\/\/umpastosintetico.com\/wp-content\/uploads\/2023\/06\/futbolito-4-768x432.jpeg 768w, https:\/\/umpastosintetico.com\/wp-content\/uploads\/2023\/06\/futbolito-4-1536x864.jpeg 1536w\" sizes=\"(max-width: 1599px) 100vw, 1599px\"><\/a>\n\t\t\t<\/div><\/figure><figure class='gallery-item'>\n\t\t\t<div class='gallery-icon portrait'>\n\t\t\t\t<a data-elementor-open-lightbox=\"yes\" data-elementor-lightbox-slideshow=\"846cdc8\" href='https:\/\/umpastosintetico.com\/wp-content\/uploads\/2023\/06\/futbolito-5.jpeg'><img width=\"1200\" height=\"1600\" src=\"https:\/\/umpastosintetico.com\/wp-content\/uploads\/2023\/06\/futbolito-5.jpeg\" class=\"attachment-full size-full\" alt=\"\" loading=\"lazy\" srcset=\"https:\/\/umpastosintetico.com\/wp-content\/uploads\/2023\/06\/futbolito-5.jpeg 1200w, https:\/\/umpastosintetico.com\/wp-content\/uploads\/2023\/06\/futbolito-5-225x300.jpeg 225w, https:\/\/umpastosintetico.com\/wp-content\/uploads\/2023\/06\/futbolito-5-768x1024.jpeg 768w, https:\/\/umpastosintetico.com\/wp-content\/uploads\/2023\/06\/futbolito-5-1152x1536.jpeg 1152w\" sizes=\"(max-width: 1200px) 100vw, 1200px\"><\/a>\n\t\t\t<\/div><\/figure><figure class='gallery-item'>\n\t\t\t<div class='gallery-icon landscape'>\n\t\t\t\t<a data-elementor-open-lightbox=\"yes\" data-elementor-lightbox-slideshow=\"846cdc8\" href='https:\/\/umpastosintetico.com\/wp-content\/uploads\/2023\/06\/futbolito-6.jpeg'><img width=\"1600\" height=\"1200\" src=\"https:\/\/umpastosintetico.com\/wp-content\/uploads\/2023\/06\/futbolito-6.jpeg\" class=\"attachment-full size-full\" alt=\"\" loading=\"lazy\" srcset=\"https:\/\/umpastosintetico.com\/wp-content\/uploads\/2023\/06\/futbolito-6.jpeg 1600w, https:\/\/umpastosintetico.com\/wp-content\/uploads\/2023\/06\/futbolito-6-300x225.jpeg 300w, https:\/\/umpastosintetico.com\/wp-content\/uploads\/2023\/06\/futbolito-6-1024x768.jpeg 1024w, https:\/\/umpastosintetico.com\/wp-content\/uploads\/2023\/06\/futbolito-6-768x576.jpeg 768w, https:\/\/umpastosintetico.com\/wp-content\/uploads\/2023\/06\/futbolito-6-1536x1152.jpeg 1536w\" sizes=\"(max-width: 1600px) 100vw, 1600px\"><\/a>\n\t\t\t<\/div><\/figure><figure class='gallery-item'>\n\t\t\t<div class='gallery-icon landscape'>\n\t\t\t\t<a data-elementor-open-lightbox=\"yes\" data-elementor-lightbox-slideshow=\"846cdc8\" href='https:\/\/umpastosintetico.com\/wp-content\/uploads\/2023\/06\/futbolito-7.jpeg'><img width=\"1600\" height=\"1200\" src=\"https:\/\/umpastosintetico.com\/wp-content\/uploads\/2023\/06\/futbolito-7.jpeg\" class=\"attachment-full size-full\" alt=\"\" loading=\"lazy\" srcset=\"https:\/\/umpastosintetico.com\/wp-content\/uploads\/2023\/06\/futbolito-7.jpeg 1600w, https:\/\/umpastosintetico.com\/wp-content\/uploads\/2023\/06\/futbolito-7-300x225.jpeg 300w, https:\/\/umpastosintetico.com\/wp-content\/uploads\/2023\/06\/futbolito-7-1024x768.jpeg 1024w, https:\/\/umpastosintetico.com\/wp-content\/uploads\/2023\/06\/futbolito-7-768x576.jpeg 768w, https:\/\/umpastosintetico.com\/wp-content\/uploads\/2023\/06\/futbolito-7-1536x1152.jpeg 1536w\" sizes=\"(max-width: 1600px) 100vw, 1600px\"><\/a>\n\t\t\t<\/div><\/figure><figure class='gallery-item'>\n\t\t\t<div class='gallery-icon landscape'>\n\t\t\t\t<a data-elementor-open-lightbox=\"yes\" data-elementor-lightbox-slideshow=\"846cdc8\" href='https:\/\/umpastosintetico.com\/wp-content\/uploads\/2023\/06\/futbolito-8.jpeg'><img width=\"1600\" height=\"1200\" src=\"https:\/\/umpastosintetico.com\/wp-content\/uploads\/2023\/06\/futbolito-8.jpeg\" class=\"attachment-full size-full\" alt=\"\" loading=\"lazy\" srcset=\"https:\/\/umpastosintetico.com\/wp-content\/uploads\/2023\/06\/futbolito-8.jpeg 1600w, https:\/\/umpastosintetico.com\/wp-content\/uploads\/2023\/06\/futbolito-8-300x225.jpeg 300w, https:\/\/umpastosintetico.com\/wp-content\/uploads\/2023\/06\/futbolito-8-1024x768.jpeg 1024w, https:\/\/umpastosintetico.com\/wp-content\/uploads\/2023\/06\/futbolito-8-768x576.jpeg 768w, https:\/\/umpastosintetico.com\/wp-content\/uploads\/2023\/06\/futbolito-8-1536x1152.jpeg 1536w\" sizes=\"(max-width: 1600px) 100vw, 1600px\"><\/a>\n\t\t\t<\/div><\/figure><figure class='gallery-item'>\n\t\t\t<div class='gallery-icon landscape'>\n\t\t\t\t<a data-elementor-open-lightbox=\"yes\" data-elementor-lightbox-slideshow=\"846cdc8\" href='https:\/\/umpastosintetico.com\/wp-content\/uploads\/2023\/06\/futbolito-9.jpeg'><img width=\"1600\" height=\"1200\" src=\"https:\/\/umpastosintetico.com\/wp-content\/uploads\/2023\/06\/futbolito-9.jpeg\" class=\"attachment-full size-full\" alt=\"\" loading=\"lazy\" srcset=\"https:\/\/umpastosintetico.com\/wp-content\/uploads\/2023\/06\/futbolito-9.jpeg 1600w, https:\/\/umpastosintetico.com\/wp-content\/uploads\/2023\/06\/futbolito-9-300x225.jpeg 300w, https:\/\/umpastosintetico.com\/wp-content\/uploads\/2023\/06\/futbolito-9-1024x768.jpeg 1024w, https:\/\/umpastosintetico.com\/wp-content\/uploads\/2023\/06\/futbolito-9-768x576.jpeg 768w, https:\/\/umpastosintetico.com\/wp-content\/uploads\/2023\/06\/futbolito-9-1536x1152.jpeg 1536w\" sizes=\"(max-width: 1600px) 100vw, 1600px\"><\/a>\n\t\t\t<\/div><\/figure>\n\t\t<\/div>\n\t\t<\/div>\n\t\t\t\t<\/div>\n\t\t\t\t<\/div>\n\t\t\t\t\t<\/div>\n\t\t<\/div>\n\t\t\t\t<div class=\"elementor-column elementor-col-50 elementor-top-column elementor-element elementor-element-334326d\" data-id=\"334326d\" data-element_type=\"column\">\n\t\t\t<div class=\"elementor-widget-wrap elementor-element-populated\">\n\t\t\t\t\t\t\t\t<div class=\"elementor-element elementor-element-c2c8a58 elementor-view-stacked elementor-position-left elementor-shape-circle elementor-vertical-align-top elementor-widget elementor-widget-icon-box\" data-id=\"c2c8a58\" data-element_type=\"widget\" data-widget_type=\"icon-box.default\">\n\t\t\t\t<div class=\"elementor-widget-container\">\n\t\t\t<style>\/*! elementor - v3.5.2 - 22-12-2021 *\/\n@media (min-width:768px){.elementor-widget-icon-box.elementor-position-left .elementor-icon-box-wrapper,.elementor-widget-icon-box.elementor-position-right .elementor-icon-box-wrapper{display:-webkit-box;display:-ms-flexbox;display:flex}.elementor-widget-icon-box.elementor-position-left .elementor-icon-box-icon,.elementor-widget-icon-box.elementor-position-right .elementor-icon-box-icon{display:-webkit-inline-box;display:-ms-inline-flexbox;display:inline-flex;-webkit-box-flex:0;-ms-flex:0 0 auto;flex:0 0 auto}.elementor-widget-icon-box.elementor-position-right .elementor-icon-box-wrapper{text-align:right;-webkit-box-orient:horizontal;-webkit-box-direction:reverse;-ms-flex-direction:row-reverse;flex-direction:row-reverse}.elementor-widget-icon-box.elementor-position-left .elementor-icon-box-wrapper{text-align:left;-webkit-box-orient:horizontal;-webkit-box-direction:normal;-ms-flex-direction:row;flex-direction:row}.elementor-widget-icon-box.elementor-position-top .elementor-icon-box-img{margin:auto}.elementor-widget-icon-box.elementor-vertical-align-top .elementor-icon-box-wrapper{-webkit-box-align:start;-ms-flex-align:start;align-items:flex-start}.elementor-widget-icon-box.elementor-vertical-align-middle .elementor-icon-box-wrapper{-webkit-box-align:center;-ms-flex-align:center;align-items:center}.elementor-widget-icon-box.elementor-vertical-align-bottom .elementor-icon-box-wrapper{-webkit-box-align:end;-ms-flex-align:end;align-items:flex-end}}@media (max-width:767px){.elementor-widget-icon-box .elementor-icon-box-icon{margin-left:auto!important;margin-right:auto!important;margin-bottom:15px}}.elementor-widget-icon-box .elementor-icon-box-wrapper{text-align:center}.elementor-widget-icon-box .elementor-icon-box-title a{color:inherit}.elementor-widget-icon-box .elementor-icon-box-content{-webkit-box-flex:1;-ms-flex-positive:1;flex-grow:1}.elementor-widget-icon-box .elementor-icon-box-description{margin:0}<\/style>\t\t<div class=\"elementor-icon-box-wrapper\">\n\t\t\t\t\t\t<div class=\"elementor-icon-box-icon\">\n\t\t\t\t<span class=\"elementor-icon elementor-animation-\" >\n\t\t\t\t<i aria-hidden=\"true\" class=\"fas fa-ruler-vertical\"><\/i>\t\t\t\t<\/span>\n\t\t\t<\/div>\n\t\t\t\t\t\t<div class=\"elementor-icon-box-content\">\n\t\t\t\t<h5 class=\"elementor-icon-box-title\">\n\t\t\t\t\t<span  >\n\t\t\t\t\t\tPorter\u00edas m\u00e1s peque\u00f1as\t\t\t\t\t<\/span>\n\t\t\t\t<\/h5>\n\t\t\t\t\t\t\t<\/div>\n\t\t<\/div>\n\t\t\t\t<\/div>\n\t\t\t\t<\/div>\n\t\t\t\t<div class=\"elementor-element elementor-element-9ed07fa elementor-view-stacked elementor-position-left elementor-shape-circle elementor-vertical-align-top elementor-widget elementor-widget-icon-box\" data-id=\"9ed07fa\" data-element_type=\"widget\" data-widget_type=\"icon-box.default\">\n\t\t\t\t<div class=\"elementor-widget-container\">\n\t\t\t\t\t<div class=\"elementor-icon-box-wrapper\">\n\t\t\t\t\t\t<div class=\"elementor-icon-box-icon\">\n\t\t\t\t<span class=\"elementor-icon elementor-animation-\" >\n\t\t\t\t<i aria-hidden=\"true\" class=\"fas fa-ruler-horizontal\"><\/i>\t\t\t\t<\/span>\n\t\t\t<\/div>\n\t\t\t\t\t\t<div class=\"elementor-icon-box-content\">\n\t\t\t\t<h5 class=\"elementor-icon-box-title\">\n\t\t\t\t\t<span  >\n\t\t\t\t\t\tCercado perimetral\t\t\t\t\t<\/span>\n\t\t\t\t<\/h5>\n\t\t\t\t\t\t\t<\/div>\n\t\t<\/div>\n\t\t\t\t<\/div>\n\t\t\t\t<\/div>\n\t\t\t\t<div class=\"elementor-element elementor-element-0d62959 elementor-view-stacked elementor-position-left elementor-shape-circle elementor-vertical-align-top elementor-widget elementor-widget-icon-box\" data-id=\"0d62959\" data-element_type=\"widget\" data-widget_type=\"icon-box.default\">\n\t\t\t\t<div class=\"elementor-widget-container\">\n\t\t\t\t\t<div class=\"elementor-icon-box-wrapper\">\n\t\t\t\t\t\t<div class=\"elementor-icon-box-icon\">\n\t\t\t\t<span class=\"elementor-icon elementor-animation-\" >\n\t\t\t\t<i aria-hidden=\"true\" class=\"fas fa-tree\"><\/i>\t\t\t\t<\/span>\n\t\t\t<\/div>\n\t\t\t\t\t\t<div class=\"elementor-icon-box-content\">\n\t\t\t\t<h5 class=\"elementor-icon-box-title\">\n\t\t\t\t\t<span  >\n\t\t\t\t\t\tC\u00e9sped sint\u00e9tico:\t\t\t\t\t<\/span>\n\t\t\t\t<\/h5>\n\t\t\t\t\t\t\t<\/div>\n\t\t<\/div>\n\t\t\t\t<\/div>\n\t\t\t\t<\/div>\n\t\t\t\t<div class=\"elementor-element elementor-element-7a28e96 elementor-view-stacked elementor-position-left elementor-shape-circle elementor-vertical-align-top elementor-widget elementor-widget-icon-box\" data-id=\"7a28e96\" data-element_type=\"widget\" data-widget_type=\"icon-box.default\">\n\t\t\t\t<div class=\"elementor-widget-container\">\n\t\t\t\t\t<div class=\"elementor-icon-box-wrapper\">\n\t\t\t\t\t\t<div class=\"elementor-icon-box-icon\">\n\t\t\t\t<span class=\"elementor-icon elementor-animation-\" >\n\t\t\t\t<i aria-hidden=\"true\" class=\"fas fa-ruler-combined\"><\/i>\t\t\t\t<\/span>\n\t\t\t<\/div>\n\t\t\t\t\t\t<div class=\"elementor-icon-box-content\">\n\t\t\t\t<h5 class=\"elementor-icon-box-title\">\n\t\t\t\t\t<span  >\n\t\t\t\t\t\tTama\u00f1o reducido\t\t\t\t\t<\/span>\n\t\t\t\t<\/h5>\n\t\t\t\t\t\t\t<\/div>\n\t\t<\/div>\n\t\t\t\t<\/div>\n\t\t\t\t<\/div>\n\t\t\t\t<div class=\"elementor-element elementor-element-30197ea elementor-widget elementor-widget-heading\" data-id=\"30197ea\" data-element_type=\"widget\" data-widget_type=\"heading.default\">\n\t\t\t\t<div class=\"elementor-widget-container\">\n\t\t\t<h2 class=\"elementor-heading-title elementor-size-default\">Tipos de pasto sint\u00e9tico para canchas:<\/h2>\t\t<\/div>\n\t\t\t\t<\/div>\n\t\t\t\t<div class=\"elementor-element elementor-element-53f5409 elementor-widget elementor-widget-text-editor\" data-id=\"53f5409\" data-element_type=\"widget\" data-widget_type=\"text-editor.default\">\n\t\t\t\t<div class=\"elementor-widget-container\">\n\t\t\t<style>\/*! elementor - v3.5.2 - 22-12-2021 *\/\n.elementor-widget-text-editor.elementor-drop-cap-view-stacked .elementor-drop-cap{background-color:#818a91;color:#fff}.elementor-widget-text-editor.elementor-drop-cap-view-framed .elementor-drop-cap{color:#818a91;border:3px solid;background-color:transparent}.elementor-widget-text-editor:not(.elementor-drop-cap-view-default) .elementor-drop-cap{margin-top:8px}.elementor-widget-text-editor:not(.elementor-drop-cap-view-default) .elementor-drop-cap-letter{width:1em;height:1em}.elementor-widget-text-editor .elementor-drop-cap{float:left;text-align:center;line-height:1;font-size:50px}.elementor-widget-text-editor .elementor-drop-cap-letter{display:inline-block}<\/style>\t\t\t\t<table style=\"width: 100%;\">\n<tbody>\n<tr>\n<td>50mm<\/td>\n<td>8800<\/td>\n<td>Deportivo<\/td>\n<td>PP+Mesh+SBR<\/td>\n<td>2m*25m<\/td>\n<td>170*63<\/td>\n<td>5\/8&#8243;<\/td>\n<\/tr>\n<tr>\n<td>50mm<\/td>\n<td>12000<\/td>\n<td>Deportivo<\/td>\n<td>PP+Mesh+SBR<\/td>\n<td>4m*25m<\/td>\n<td>140*63<\/td>\n<td>5\/8&#8243;<\/td>\n<\/tr>\n<tr>\n<td>50mm<\/td>\n<td>12000<\/td>\n<td>Deportivo<\/td>\n<td>PP+Mesh+SBR<\/td>\n<td>4m*25m<\/td>\n<td>130*63<\/td>\n<td>5\/8&#8243;<\/td>\n<\/tr>\n<tr>\n<td>50mm<\/td>\n<td>1200<\/td>\n<td>Deportivo<\/td>\n<td>PP+Mesh+SBR<\/td>\n<td>4m*25m<\/td>\n<td>165*63<\/td>\n<td>5\/8&#8243;<\/td>\n<\/tr>\n<tr>\n<td>60mm<\/td>\n<td>13200<\/td>\n<td>Deportivo<\/td>\n<td>PP+Mesh+SBR<\/td>\n<td>4m*25m<\/td>\n<td>140*63<\/td>\n<td>5\/8&#8243;<\/td>\n<\/tr>\n<\/tbody>\n<\/table>\t\t\t\t\t\t<\/div>\n\t\t\t\t<\/div>\n\t\t\t\t\t<\/div>\n\t\t<\/div>\n\t\t\t\t\t\t\t<\/div>\n\t\t<\/section>\n\t\t\t\t\t\t<\/div>\n\t\t\t\t\t<\/div>\n\t\t","protected":false},"excerpt":{"rendered":"<p>Canchas de futbolito Porter\u00edas m\u00e1s peque\u00f1as Cercado perimetral C\u00e9sped sint\u00e9tico: Tama\u00f1o reducido Tipos de pasto sint\u00e9tico para canchas: 50mm 8800 Deportivo PP+Mesh+SBR 2m*25m 170*63 5\/8&#8243; 50mm 12000 Deportivo PP+Mesh+SBR 4m*25m 140*63 5\/8&#8243; 50mm 12000 Deportivo PP+Mesh+SBR 4m*25m 130*63 5\/8&#8243; 50mm 1200 Deportivo PP+Mesh+SBR 4m*25m 165*63 5\/8&#8243; 60mm 13200 Deportivo PP+Mesh+SBR 4m*25m 140*63 5\/8&#8243;<\/p>\n","protected":false},"author":1,"featured_media":0,"parent":0,"menu_order":0,"comment_status":"closed","ping_status":"closed","template":"","meta":{"site-sidebar-layout":"no-sidebar","site-content-layout":"page-builder","ast-main-header-display":"","ast-hfb-above-header-display":"","ast-hfb-below-header-display":"","ast-hfb-mobile-header-display":"","site-post-title":"disabled","ast-breadcrumbs-content":"","ast-featured-img":"disabled","footer-sml-layout":"","theme-transparent-header-meta":"","adv-header-id-meta":"","stick-header-meta":"","header-above-stick-meta":"","header-main-stick-meta":"","header-below-stick-meta":""},"_links":{"self":[{"href":"https:\/\/umpastosintetico.com\/index.php?rest_route=\/wp\/v2\/pages\/1918"}],"collection":[{"href":"https:\/\/umpastosintetico.com\/index.php?rest_route=\/wp\/v2\/pages"}],"about":[{"href":"https:\/\/umpastosintetico.com\/index.php?rest_route=\/wp\/v2\/types\/page"}],"author":[{"embeddable":true,"href":"https:\/\/umpastosintetico.com\/index.php?rest_route=\/wp\/v2\/users\/1"}],"replies":[{"embeddable":true,"href":"https:\/\/umpastosintetico.com\/index.php?rest_route=%2Fwp%2Fv2%2Fcomments&post=1918"}],"version-history":[{"count":20,"href":"https:\/\/umpastosintetico.com\/index.php?rest_route=\/wp\/v2\/pages\/1918\/revisions"}],"predecessor-version":[{"id":2229,"href":"https:\/\/umpastosintetico.com\/index.php?rest_route=\/wp\/v2\/pages\/1918\/revisions\/2229"}],"wp:attachment":[{"href":"https:\/\/umpastosintetico.com\/index.php?rest_route=%2Fwp%2Fv2%2Fmedia&parent=1918"}],"curies":[{"name":"wp","href":"https:\/\/api.w.org\/{rel}","templated":true}]}}